{"id":285,"date":"2011-05-09T15:44:10","date_gmt":"2011-05-09T14:44:10","guid":{"rendered":"http:\/\/mtv.dedenhausen.de\/?page_id=285"},"modified":"2024-12-04T21:51:03","modified_gmt":"2024-12-04T19:51:03","slug":"mitglied-werden","status":"publish","type":"page","link":"https:\/\/cms.dedenhausen.de\/mtv\/mitglied-werden\/","title":{"rendered":"Mitglied werden"},"content":{"rendered":"<p>Mitglied zu werden ist ganz einfach. Du musst lediglich die drei folgenden Schritte erledigen:<\/p>\n<h2>Schritt 1<\/h2>\n<p>Lade dir folgendes Formular herunter:<br \/>\n<a title=\"Formular MTV Dedenhausen: Beitrittserkl\u00e4rung\" href=\"http:\/\/cms.dedenhausen.de\/mtv\/wp-content\/uploads\/sites\/3\/2024\/12\/Beitrittserklaerung-2024.pdf\" rel=\"attachment wp-att-286\">Formular MTV Dedenhausen: Beitrittserkl\u00e4rung<\/a><\/p>\n<h2>Schritt 2<\/h2>\n<p>F\u00fclle dieses aus und unterschreibe es. Achte bitte darauf, die entsprechende Sparte zu vermerken, f\u00fcr die du dich interessierst!<\/p>\n<h2>Schritt 3<\/h2>\n<p>Nun hast du verschiedene M\u00f6glichkeiten, uns das Formular zukommen zu lassen.<\/p>\n<ol>\n<li>Per E-Mail<br \/>\nScanne das ausgef\u00fcllte Formular ein und schicke es als Anhang per E-Mail an mtv@dedenhausen.de<\/li>\n<li>Per Post\/Brief<br \/>\nSchicke das ausgef\u00fcllte Formular per Brief an die folgende Adresse:<br \/>\nZum Bahnhof 40, 31311 Uetze\/Dedenhausen<\/li>\n<\/ol>\n<h2>Fertig!<\/h2>\n<p>Damit ist deine Anmeldung abgeschlossen.<\/p>\n<p><a href=\"http:\/\/mtv.dedenhausen.de\/?attachment_id=286\" rel=\"attachment wp-att-286\">\u00a0<\/a><\/p>\n","protected":false},"excerpt":{"rendered":"<p>Mitglied zu werden ist ganz einfach. Du musst lediglich die drei folgenden Schritte erledigen: Schritt 1 Lade dir folgendes Formular herunter: Formular MTV Dedenhausen: Beitrittserkl\u00e4rung Schritt 2 F\u00fclle dieses aus und unterschreibe es. Achte bitte darauf, die entsprechende Sparte zu vermerken, f\u00fcr die du dich interessierst! Schritt 3 Nun hast du verschiedene M\u00f6glichkeiten, uns das [&hellip;]<\/p>\n","protected":false},"author":1,"featured_media":0,"parent":0,"menu_order":99,"comment_status":"open","ping_status":"open","template":"","meta":{"footnotes":""},"class_list":["post-285","page","type-page","status-publish","hentry"],"_links":{"self":[{"href":"https:\/\/cms.dedenhausen.de\/mtv\/wp-json\/wp\/v2\/pages\/285","targetHints":{"allow":["GET"]}}],"collection":[{"href":"https:\/\/cms.dedenhausen.de\/mtv\/wp-json\/wp\/v2\/pages"}],"about":[{"href":"https:\/\/cms.dedenhausen.de\/mtv\/wp-json\/wp\/v2\/types\/page"}],"author":[{"embeddable":true,"href":"https:\/\/cms.dedenhausen.de\/mtv\/wp-json\/wp\/v2\/users\/1"}],"replies":[{"embeddable":true,"href":"https:\/\/cms.dedenhausen.de\/mtv\/wp-json\/wp\/v2\/comments?post=285"}],"version-history":[{"count":9,"href":"https:\/\/cms.dedenhausen.de\/mtv\/wp-json\/wp\/v2\/pages\/285\/revisions"}],"predecessor-version":[{"id":2922,"href":"https:\/\/cms.dedenhausen.de\/mtv\/wp-json\/wp\/v2\/pages\/285\/revisions\/2922"}],"wp:attachment":[{"href":"https:\/\/cms.dedenhausen.de\/mtv\/wp-json\/wp\/v2\/media?parent=285"}],"curies":[{"name":"wp","href":"https:\/\/api.w.org\/{rel}","templated":true}]}}