{"id":27,"date":"2010-11-30T15:50:51","date_gmt":"2010-11-30T14:50:51","guid":{"rendered":"http:\/\/mtv.dedenhausen.de\/?page_id=27"},"modified":"2025-11-30T16:19:27","modified_gmt":"2025-11-30T14:19:27","slug":"fussball","status":"publish","type":"page","link":"https:\/\/cms.dedenhausen.de\/mtv\/eine-seite\/fussball\/","title":{"rendered":"Fussball"},"content":{"rendered":"<section  class='av_textblock_section av-milsoq4w-c9002d617389bd423e690b2faa855109 '   itemscope=\"itemscope\" itemtype=\"https:\/\/schema.org\/CreativeWork\" ><div class='avia_textblock'  itemprop=\"text\" ><h2>Trainingszeiten<\/h2>\n<p><strong>1. Herren<\/strong><\/p>\n<p>Dienstag: 19.00 &#8211; 21.00 Uhr<br \/>\nDonnerstag: 19.00 &#8211; 21.00 Uhr<\/p>\n<p><strong><a href=\"http:\/\/cms.dedenhausen.de\/mtv\/wp-content\/uploads\/sites\/3\/2025\/11\/IMG-20241008-WA0001.jpg\"><img loading=\"lazy\" decoding=\"async\" class=\"alignnone wp-image-3061 size-large\" src=\"http:\/\/cms.dedenhausen.de\/mtv\/wp-content\/uploads\/sites\/3\/2025\/11\/IMG-20241008-WA0001-1030x796.jpg\" alt=\"\" width=\"1030\" height=\"796\" srcset=\"https:\/\/cms.dedenhausen.de\/mtv\/wp-content\/uploads\/sites\/3\/2025\/11\/IMG-20241008-WA0001-1030x796.jpg 1030w, https:\/\/cms.dedenhausen.de\/mtv\/wp-content\/uploads\/sites\/3\/2025\/11\/IMG-20241008-WA0001-300x232.jpg 300w, https:\/\/cms.dedenhausen.de\/mtv\/wp-content\/uploads\/sites\/3\/2025\/11\/IMG-20241008-WA0001-768x593.jpg 768w, https:\/\/cms.dedenhausen.de\/mtv\/wp-content\/uploads\/sites\/3\/2025\/11\/IMG-20241008-WA0001-1536x1187.jpg 1536w, https:\/\/cms.dedenhausen.de\/mtv\/wp-content\/uploads\/sites\/3\/2025\/11\/IMG-20241008-WA0001-1500x1159.jpg 1500w, https:\/\/cms.dedenhausen.de\/mtv\/wp-content\/uploads\/sites\/3\/2025\/11\/IMG-20241008-WA0001-705x545.jpg 705w, https:\/\/cms.dedenhausen.de\/mtv\/wp-content\/uploads\/sites\/3\/2025\/11\/IMG-20241008-WA0001.jpg 1600w\" sizes=\"auto, (max-width: 1030px) 100vw, 1030px\" \/><\/a><br \/>\n<\/strong><\/p>\n<p><strong>\u00dc32 Herren<br \/>\n<\/strong>Dienstag: 19.00 &#8211; 21.00 Uhr<\/p>\n<p><strong>Damen<br \/>\n<\/strong>Mittwoch: 19:00 &#8211; 21.00 Uhr<\/p>\n<p><strong>Trainingsort<br \/>\n<\/strong>Trainiert wird auf dem Sportplatz in Dedenhausen (Wei\u00dfer Berg, 31311 Uetze \/ Dedenhausen)<\/p>\n<h2>Ansprechpartner<\/h2>\n<p><strong>Fu\u00dfballobmann<br \/>\n<\/strong>Jonas Hermesch<br \/>\nMobil: 01573-9314035<br \/>\nE-Mail: j.hermesch@hotmail.de<\/p>\n<p><strong>Trainer 1. Herren<\/strong><br \/>\nJ\u00f6rg Riedel<br \/>\nMobil: 0162-2383422<br \/>\nE-Mail: jogi-riedel@web.de<\/p>\n<p><strong>Trainer \u00dc32 Herren<\/strong><br \/>\nAlexander Mattern<br \/>\nMobil: 0179-2445962<br \/>\nE-Mail: alexander.mattern@hotmail.de<\/p>\n<p><strong>Trainer Damen<\/strong><br \/>\nAdrian Otte<br \/>\nMobil:<\/p>\n<h2>Kurzbeschreibung<\/h2>\n<p>Die Fu\u00dfballsparte wird momentan durch eine Herrenmannschaft, eine \u00dc32-Herren und eine Damen-Mannschaft repr\u00e4sentiert. Fu\u00dfballbegeisterte k\u00f6nnen gerne zum Reinschnuppern zu den angegebenen Trainingszeiten vorbeischauen.<\/p>\n<h2>Links<\/h2>\n<p><a href=\"https:\/\/www.fussball.de\/spieltagsuebersicht\/2kreisklasse-region-hannover-st1-kreis-region-hannover-2kreisklasse-herren-saison2526-niedersachsen\/-\/staffel\/02TKC492NC00000BVS5489BUVUD1610F-G#!\/\">Tabelle 1. Herren &#8211; 2.Kreisklasse Region Hannover St.1<\/a><\/p>\n<p><a href=\"https:\/\/www.fussball.de\/spieltagsuebersicht\/3kreisklasse-7er-1kreisklasse-st1-kreis-region-hannover-herren-ue32-3kreisklasse-herren-ue32-saison2526-niedersachsen\/-\/staffel\/02TPUJ1COK000000VS5489BUVSPHI8RP-G#!\/\">Tabelle \u00dc32 Herren &#8211; 3.Kreisklasse \/ 7er 1.Kreisklasse St.1<\/a><\/p>\n<\/div><\/section>\n","protected":false},"excerpt":{"rendered":"","protected":false},"author":1,"featured_media":0,"parent":1138,"menu_order":0,"comment_status":"closed","ping_status":"open","template":"","meta":{"footnotes":""},"class_list":["post-27","page","type-page","status-publish","hentry"],"_links":{"self":[{"href":"https:\/\/cms.dedenhausen.de\/mtv\/wp-json\/wp\/v2\/pages\/27","targetHints":{"allow":["GET"]}}],"collection":[{"href":"https:\/\/cms.dedenhausen.de\/mtv\/wp-json\/wp\/v2\/pages"}],"about":[{"href":"https:\/\/cms.dedenhausen.de\/mtv\/wp-json\/wp\/v2\/types\/page"}],"author":[{"embeddable":true,"href":"https:\/\/cms.dedenhausen.de\/mtv\/wp-json\/wp\/v2\/users\/1"}],"replies":[{"embeddable":true,"href":"https:\/\/cms.dedenhausen.de\/mtv\/wp-json\/wp\/v2\/comments?post=27"}],"version-history":[{"count":14,"href":"https:\/\/cms.dedenhausen.de\/mtv\/wp-json\/wp\/v2\/pages\/27\/revisions"}],"predecessor-version":[{"id":3064,"href":"https:\/\/cms.dedenhausen.de\/mtv\/wp-json\/wp\/v2\/pages\/27\/revisions\/3064"}],"up":[{"embeddable":true,"href":"https:\/\/cms.dedenhausen.de\/mtv\/wp-json\/wp\/v2\/pages\/1138"}],"wp:attachment":[{"href":"https:\/\/cms.dedenhausen.de\/mtv\/wp-json\/wp\/v2\/media?parent=27"}],"curies":[{"name":"wp","href":"https:\/\/api.w.org\/{rel}","templated":true}]}}