{"id":209,"date":"2011-03-31T07:09:23","date_gmt":"2011-03-31T06:09:23","guid":{"rendered":"http:\/\/mtv.dedenhausen.de\/?page_id=209"},"modified":"2025-11-30T16:43:01","modified_gmt":"2025-11-30T14:43:01","slug":"frauen-ii","status":"publish","type":"page","link":"https:\/\/cms.dedenhausen.de\/mtv\/eine-seite\/frauen-ii\/","title":{"rendered":"Frauen II"},"content":{"rendered":"\n<h2 class=\"wp-block-heading\">\u00dcbungszeiten<\/h2>\n\n\n\n<p>Dienstag: 09.00 bis 10.00 Uhr<br>Treffpunkt: Turnhalle Dedenhausen &#8211; Unter den Eichen<\/p>\n\n\n\n<h2 class=\"wp-block-heading\">\u00dcbungsleiterin<\/h2>\n\n\n\n<p>Ursula Bruder<\/p>\n\n\n\n<h2 class=\"wp-block-heading\">Spartenleiterin<\/h2>\n\n\n\n<p>Ursula Bruder<br>Mobil: 0178-3499199<\/p>\n\n\n\n<h2 class=\"wp-block-heading\">Kurzbeschreibung<\/h2>\n\n\n\n<p>Wir machen gelenkschonende Gymnastik, gern auf dem Sitzball oder mit Handger\u00e4ten. Manchmal frischen wir unsere alten T\u00e4nze auf, die wir fr\u00fcher oft aufgef\u00fchrt haben. Im Sommer fahren wir gerne mit dem Fahrrad.<\/p>\n","protected":false},"excerpt":{"rendered":"<p>\u00dcbungszeiten Dienstag: 09.00 bis 10.00 UhrTreffpunkt: Turnhalle Dedenhausen &#8211; Unter den Eichen \u00dcbungsleiterin Ursula Bruder Spartenleiterin Ursula BruderMobil: 0178-3499199 Kurzbeschreibung Wir machen gelenkschonende Gymnastik, gern auf dem Sitzball oder mit Handger\u00e4ten. Manchmal frischen wir unsere alten T\u00e4nze auf, die wir fr\u00fcher oft aufgef\u00fchrt haben. Im Sommer fahren wir gerne mit dem Fahrrad.<\/p>\n","protected":false},"author":1,"featured_media":0,"parent":1138,"menu_order":0,"comment_status":"open","ping_status":"open","template":"","meta":{"footnotes":""},"class_list":["post-209","page","type-page","status-publish","hentry"],"_links":{"self":[{"href":"https:\/\/cms.dedenhausen.de\/mtv\/wp-json\/wp\/v2\/pages\/209","targetHints":{"allow":["GET"]}}],"collection":[{"href":"https:\/\/cms.dedenhausen.de\/mtv\/wp-json\/wp\/v2\/pages"}],"about":[{"href":"https:\/\/cms.dedenhausen.de\/mtv\/wp-json\/wp\/v2\/types\/page"}],"author":[{"embeddable":true,"href":"https:\/\/cms.dedenhausen.de\/mtv\/wp-json\/wp\/v2\/users\/1"}],"replies":[{"embeddable":true,"href":"https:\/\/cms.dedenhausen.de\/mtv\/wp-json\/wp\/v2\/comments?post=209"}],"version-history":[{"count":5,"href":"https:\/\/cms.dedenhausen.de\/mtv\/wp-json\/wp\/v2\/pages\/209\/revisions"}],"predecessor-version":[{"id":3077,"href":"https:\/\/cms.dedenhausen.de\/mtv\/wp-json\/wp\/v2\/pages\/209\/revisions\/3077"}],"up":[{"embeddable":true,"href":"https:\/\/cms.dedenhausen.de\/mtv\/wp-json\/wp\/v2\/pages\/1138"}],"wp:attachment":[{"href":"https:\/\/cms.dedenhausen.de\/mtv\/wp-json\/wp\/v2\/media?parent=209"}],"curies":[{"name":"wp","href":"https:\/\/api.w.org\/{rel}","templated":true}]}}