{"id":166,"date":"2010-12-28T20:28:36","date_gmt":"2010-12-28T20:28:36","guid":{"rendered":"http:\/\/feuerwehr.dedenhausen.de\/?page_id=166"},"modified":"2010-12-28T20:28:36","modified_gmt":"2010-12-28T20:28:36","slug":"infos-zu-sylvester","status":"publish","type":"page","link":"https:\/\/cms.dedenhausen.de\/feuerwehr\/sicherheitstipps\/infos-zu-sylvester\/","title":{"rendered":"Infos zu Sylvester"},"content":{"rendered":"<p><strong><span style=\"text-decoration: underline\">Brandschutztipps zu Sylvester<\/span><\/strong><span style=\"text-decoration: underline\"> <\/span><\/p>\n<p>Der Abschluss eines jeden Jahres ist bei vielen B\u00fcrgern eine Sylvesterparty, bei der Feuerwerksk\u00f6rper abgebrannt werden. Die Tatsache, dass Feuerwerksartikel frei verk\u00e4uflich sind, darf nicht dar\u00fcber hinwegt\u00e4uschen, dass hier mit Sprengstoffen umgegangen wird.<\/p>\n<p>Damit die Sylvesterparty nicht missgl\u00fcckt und durch Unfug und Unachtsamkeit das neue Jahr schlecht anf\u00e4ngt, beachten Sie bitte die nachfolgenden Brandschutztipps Ihrer Feuerwehr.<\/p>\n<p>&#8211; Nur von der Bundesanstalt f\u00fcr Materialforschung und -pr\u00fcfung zugelassene Feuerwerksk\u00f6rper verwenden.<\/p>\n<p><a href=\"http:\/\/cms.dedenhausen.de\/feuerwehr\/wp-content\/uploads\/sites\/2\/2010\/12\/sylvester1.jpg\"><img loading=\"lazy\" decoding=\"async\" class=\"size-full wp-image-168 alignright\" title=\"sylvester1\" src=\"http:\/\/cms.dedenhausen.de\/feuerwehr\/wp-content\/uploads\/sites\/2\/2010\/12\/sylvester1.jpg\" alt=\"\" width=\"150\" height=\"192\" \/><\/a><\/p>\n<p>Diese sind am Zulassungszeichen \u201eBAM-P I\u201c oder \u201eBAM-P II\u201c mit einer darauf folgenden vierstelligen Ziffer zu erkennen.<\/p>\n<p>&#8211; Die Gebrauchsanweisung in aller Ruhe und nicht erst kurz vor zw\u00f6lf lesen.<\/p>\n<p>&#8211; Feuerwerksk\u00f6rper nicht in Kinderh\u00e4nde geben. Raketen und Knallk\u00f6rper d\u00fcrfen nur von Erwachsenen gekauft und gez\u00fcndet werden.<\/p>\n<p>&#8211; Erwachsene mit erh\u00f6htem Alkoholkonsum sollten das<\/p>\n<p>Feuerwerk als Zuschauer genie\u00dfen und das Z\u00fcnden anderen \u00fcberlassen.<\/p>\n<p>&#8211; Raketen und sonstige Feuerwerksk\u00f6rper niemals auf Menschen oder Tiere richten oder in deren Richtung werfen.<\/p>\n<p>&#8211; Knallk\u00f6rper niemals in geschlossenen R\u00e4umen verwenden und Raketen nur im sicheren Abstand zu Menschen, Tieren und Sachwerten z\u00fcnden. Stets auf brennbare Gegenst\u00e4nde in der Umgebung achten!!!<\/p>\n<p>&#8211; Raketen immer senkrecht, am besten aus einer leeren (Glas-)Flasche als Startrampe. Dabei auf einen festen Stand der \u201eStartrampe\u201c achten.<\/p>\n<p>&#8211; Auf B\u00e4ume und Dachvorspr\u00fcnge achten. Diese k\u00f6nnen, genau so wie heftiger Wind, die Feuerwerksk\u00f6rper in die falsch Richtung lenken.<\/p>\n<p>&#8211; Fenster, insbesondere Dachfenster, und Balkont\u00fcren verschlie\u00dfen, so dass keine abst\u00fcrzenden Raketen, Leuchtkugeln oder Funken in die Wohnung gelangen k\u00f6nnen. Auch kleine Glutnester k\u00f6nnen sich \u00fcber einen Schwelbrand zu einem Wohnungsbrand ausdehnen.<\/p>\n<p style=\"text-align: center\"><strong>FALSCH\u00a0 <a href=\"http:\/\/cms.dedenhausen.de\/feuerwehr\/wp-content\/uploads\/sites\/2\/2010\/12\/sylvester31.jpg\"><img loading=\"lazy\" decoding=\"async\" class=\"size-full wp-image-188 alignnone\" title=\"sylvester3\" src=\"http:\/\/cms.dedenhausen.de\/feuerwehr\/wp-content\/uploads\/sites\/2\/2010\/12\/sylvester31.jpg\" alt=\"\" width=\"189\" height=\"120\" \/><\/a><\/strong><\/p>\n<p style=\"text-align: center\"><strong>RICHTIG\u00a0\u00a0\u00a0 \u00a0 \u00a0\u00a0 <a href=\"http:\/\/cms.dedenhausen.de\/feuerwehr\/wp-content\/uploads\/sites\/2\/2010\/12\/sylvester41.jpg\"><img loading=\"lazy\" decoding=\"async\" class=\"size-full wp-image-189 alignnone\" title=\"sylvester4\" src=\"http:\/\/cms.dedenhausen.de\/feuerwehr\/wp-content\/uploads\/sites\/2\/2010\/12\/sylvester41.jpg\" alt=\"\" width=\"158\" height=\"120\" \/><\/a><\/strong><\/p>\n<p>&#8211; Bei Geb\u00e4uden mit Stroheindeckung, Stroh- und Heulagern, landwirtschaftlichen Geb\u00e4uden, Holzh\u00e4usern und \u00e4hnlichem, sowie bei Anlagen mit erh\u00f6hter Explosionsgefahr ist beim Z\u00fcnden von Feuerwerksk\u00f6rpern ein deutlicher Sicherheitsabstand zu halten.<\/p>\n<p>&#8211; Angez\u00fcndete Knallk\u00f6rper sofort wegwerfen. Blindg\u00e4nger nicht nochmals anz\u00fcnden.<\/p>\n<p>&#8211; Feuerl\u00f6scher bereithalten, um m\u00f6gliche Entstehungsbr\u00e4nde zu l\u00f6schen. Der rechtzeitige Einsatz eines Feuerl\u00f6schers kann Leben und Sachwerte retten.<\/p>\n<p>Vor dem Fest mit der Gebrauchsanweisung des Feuerl\u00f6schers vertraut machen.<\/p>\n<p>Das bewahrt im Notfall einen k\u00fchlen Kopf.<\/p>\n<p>&#8211; Erste-Hilfe-Kasten, z.B. aus dem Auto, bereithalten und im Notfall nicht z\u00f6gern:<\/p>\n<p><a href=\"http:\/\/cms.dedenhausen.de\/feuerwehr\/wp-content\/uploads\/sites\/2\/2010\/12\/112.jpg\"><img loading=\"lazy\" decoding=\"async\" class=\"aligncenter size-full wp-image-175\" title=\"112\" src=\"http:\/\/cms.dedenhausen.de\/feuerwehr\/wp-content\/uploads\/sites\/2\/2010\/12\/112.jpg\" alt=\"\" width=\"258\" height=\"170\" \/><\/a><\/p>\n<p><strong>Die \u00f6rtliche Feuerwehr und der Rettungsdienst sind bundesweit unter der Rufnummer <\/strong><strong>112<\/strong><strong> zu erreichen !!!<\/strong><\/p>\n<p><strong> <\/strong><\/p>\n<p><strong> <\/strong><\/p>\n<p>Wir w\u00fcnschen Ihnen einen unfallfreien Rutsch und ein erfolgreiches und gesundes neues Jahr !<\/p>\n<p>Ihre Ortsfeuerwehr Dedenhausen<\/p>\n","protected":false},"excerpt":{"rendered":"<p>Brandschutztipps zu Sylvester Der Abschluss eines jeden Jahres ist bei vielen B\u00fcrgern eine Sylvesterparty, bei der Feuerwerksk\u00f6rper abgebrannt werden. Die Tatsache, dass Feuerwerksartikel frei verk\u00e4uflich sind, darf nicht dar\u00fcber hinwegt\u00e4uschen, dass hier mit Sprengstoffen umgegangen wird. Damit die Sylvesterparty nicht missgl\u00fcckt und durch Unfug und Unachtsamkeit das neue Jahr schlecht anf\u00e4ngt, beachten Sie bitte die [&hellip;]<\/p>\n","protected":false},"author":7,"featured_media":169,"parent":78,"menu_order":0,"comment_status":"closed","ping_status":"closed","template":"","meta":{"footnotes":""},"class_list":["post-166","page","type-page","status-publish","has-post-thumbnail","hentry"],"_links":{"self":[{"href":"https:\/\/cms.dedenhausen.de\/feuerwehr\/wp-json\/wp\/v2\/pages\/166","targetHints":{"allow":["GET"]}}],"collection":[{"href":"https:\/\/cms.dedenhausen.de\/feuerwehr\/wp-json\/wp\/v2\/pages"}],"about":[{"href":"https:\/\/cms.dedenhausen.de\/feuerwehr\/wp-json\/wp\/v2\/types\/page"}],"author":[{"embeddable":true,"href":"https:\/\/cms.dedenhausen.de\/feuerwehr\/wp-json\/wp\/v2\/users\/7"}],"replies":[{"embeddable":true,"href":"https:\/\/cms.dedenhausen.de\/feuerwehr\/wp-json\/wp\/v2\/comments?post=166"}],"version-history":[{"count":0,"href":"https:\/\/cms.dedenhausen.de\/feuerwehr\/wp-json\/wp\/v2\/pages\/166\/revisions"}],"up":[{"embeddable":true,"href":"https:\/\/cms.dedenhausen.de\/feuerwehr\/wp-json\/wp\/v2\/pages\/78"}],"wp:featuredmedia":[{"embeddable":true,"href":"https:\/\/cms.dedenhausen.de\/feuerwehr\/wp-json\/wp\/v2\/media\/169"}],"wp:attachment":[{"href":"https:\/\/cms.dedenhausen.de\/feuerwehr\/wp-json\/wp\/v2\/media?parent=166"}],"curies":[{"name":"wp","href":"https:\/\/api.w.org\/{rel}","templated":true}]}}